ase 6, what is -255000 + -31323?
-330323
In base 5, what is 231313403 + -2?
231313401
In base 11, what is -4a75573 + -77?
-4a7563a
In base 12, what is 817 - -2216a?
22985
In base 13, what is b08 - 2654?
-1849
In base 13, what is -2336 + -261c3?
-28529
In base 2, what is 101010000000001011111010001 - 101?
101010000000001011111001100
In base 10, what is 24609473 + 4?
24609477
In base 16, what is 187 + -af2?
-96b
In base 6, what is -20041 + -3422452?
-3442533
In base 13, what is -5ac829 + -2c5?
-5acb21
In base 13, what is 5 + -288c81?
-288c79
In base 12, what is 64b58 - -41?
64b99
In base 6, what is -105 - 2153033?
-2153142
In base 16, what is -29e - -315a?
2ebc
In base 12, what is -49 + -b3a489?
-b3a516
In base 6, what is 5 - 151135043?
-151135034
In base 9, what is -31013 - -1105?
-28807
In base 10, what is -383 + -15738?
-16121
In base 16, what is 2d - -2f6563?
2f6590
In base 5, what is 232233411 - 11?
232233400
In base 13, what is -c824 + -420?
-cc44
In base 6, what is 211102200135 - 3?
211102200132
In base 14, what is 5a36c10 + -8?
5a36c06
In base 8, what is 13540 - -34543?
50303
In base 3, what is -202022 - -110021022120?
110020120021
In base 14, what is -13a82 + 15d2?
-12490
In base 12, what is 66 - -756?
800
In base 6, what is 30444322004 - 0?
30444322004
In base 2, what is -1001 - 100110100101000100100?
-100110100101000101101
In base 3, what is 12 + 1221222222201?
1221222222220
In base 15, what is a5 - -1715c?
17212
In base 12, what is -4b04066 - 5?
-4b0406b
In base 4, what is -122210331222101 + -2?
-122210331222103
In base 4, what is 10021003000320 - -1?
10021003000321
In base 6, what is -1040153054 - -3?
-1040153051
In base 4, what is -1313103 + -2131013?
-10110122
In base 14, what is 474847d + -b?
4748472
In base 3, what is 2 + -22012002102100122?
-22012002102100120
In base 5, what is 4311410031 + -2?
4311410024
In base 9, what is 26 + -3256812?
-3256775
In base 14, what is -3 - a90113?
-a90116
In base 7, what is 152553656 + -3?
152553653
In base 7, what is 2561431 - -16?
2561450
In base 11, what is 425a + 33413?
37672
In base 13, what is 110c77 + 48?
110cc2
In base 6, what is 0 + 2103203450?
2103203450
In base 3, what is -10211 - -22210120?
22122202
In base 10, what is -2 + -15731795?
-15731797
In base 12, what is -1b3666b6 + -8?
-1b366702
In base 13, what is 3b + 2ca3b?
2ca79
In base 9, what is -4 + -8268531?
-8268535
In base 10, what is -11 + 2246633?
2246622
In base 5, what is -20423 + -22333?
-43311
In base 14, what is -754 - -bac?
458
In base 9, what is 7 - -774220?
774227
In base 14, what is -33685 - -2dc?
-33387
In base 2, what is 100001100010010011000011 - 11?
100001100010010011000000
In base 13, what is 3128c - a9?
311b3
In base 11, what is -50a8082 - 2?
-50a8084
In base 16, what is -36036c4 - 0?
-36036c4
In base 5, what is 123 - -1023044?
1023222
In base 5, what is 114022232 + -114?
114022113
In base 15, what is -eb8 - 4db9?
-5d82
In base 8, what is -5 - 132004216?
-132004223
In base 13, what is 5 + -210a710a?
-210a7105
In base 8, what is 235640 + 23273?
261133
In base 13, what is 0 + -8c34319?
-8c34319
In base 4, what is 133 - -101201033313?
101201100112
In base 13, what is 585201 + -9?
5851c5
In base 5, what is 23220140043 + -11?
23220140032
In base 16, what is -6 + -40193e?
-401944
In base 13, what is c04b8a - -a?
c04b97
In base 3, what is 20221110 - 222012?
12222021
In base 12, what is 6a917 - -236?
6ab51
In base 14, what is -554470 - 3?
-554473
In base 10, what is -75416038 + 3?
-75416035
In base 14, what is 3da366 - 122?
3da244
In base 7, what is 5154344 - -12?
5154356
In base 11, what is 815178 - -6?
815183
In base 8, what is 3 - 45770162?
-45770157
In base 2, what is 10010010111101110101 + 1?
10010010111101110110
In base 6, what is 23041350350 - 1?
23041350345
In base 12, what is 3 - 5713499a?
-57134997
In base 10, what is 18807118 - 17?
18807101
In base 9, what is -186 - -5200760?
5200563
In base 8, what is -42 + -462656?
-462720
In base 6, what is -1055425 - -153?
-1055232
In base 6, what is 4403022 + -455?
4402123
In base 13, what is -49c2593 - -9?
-49c2587
In base 8, what is -63 + 137205?
137122
In base 3, what is 21 + 102100120220000?
102100120220021
In base 12, what is 1196a307b + 2?
1196a3081
In base 8, what is 416665 + -5?
416660
In base 2, what is -100010100 + 1001011111001000?
1001011010110100
In base 15, what is 28334c + 1?
28334d
In base 8, what is 46406670 - 167?
46406501
In base 8, what is 70 + 53075541?
53075631
In base 9, what is 77224750 + -2?
77224747
In base 8, what is -101671022 - -1?
-101671021
In base 14, what is 76800c4 - -5?
76800c9
In base 3, what is -10112201011121021 + -1?
-10112201011121022
In base 5, what is -110342103 + 11210?
-110330343
In base 13, what is 8b09 + 41c5?
10001
In base 9, what is -141277 - -841?
-140336
In base 3, what is 22000200 + -111001?
21112122
In base 6, what is -3 + -200454242?
-200454245
In base 11, what is 252 - -109a7?
11149
In base 8, what is -1077 + -100717?
-102016
In base 10, what is -1265589614 + -3?
-1265589617
In base 2, what is -100 + 101011011010011101011100011?
101011011010011101011011111
In base 4, what is 123212102112 + -30?
123212102022
In base 4, what is 1312212101 + 1002?
1312213103
In base 16, what is 5 - -add9b?
adda0
In base 11, what is -3734a - 932?
-38181
In base 5, what is 2433204342 - -3?
2433204400
In base 2, what is -100000110001111010001 + -110010111?
-100000110010101101000
In base 16, what is -29ad6 - 28?
-29afe
In base 14, what is -7a0 - -1ac3?
1323
In base 14, what is -2511d + 72?
-2508b
In base 2, what is -100101 - 111110000010100110?
-111110000011001011
In base 6, what is -4245 + 300322?
252033
In base 16, what is 62d + -1724?
-10f7
In base 9, what is 187566 - -134?
187711
In base 15, what is 60 + -108663?
-108603
In base 4, what is -10120220 - -1323113?
-2131101
In base 5, what is -12043 - -104432?
42334
In base 10, what is 158729 - -972?
159701
In base 16, what is -2f7 + -13d4?
-16cb
In base 6, what is 123 + -22252442?
-22252315
In base 10, what is -1031 + 13434?
12403
In base 5, what is 32004333021 - -10?
32004333031
In base 16, what is 0 + -390621?
-390621
In base 13, what is -5a55854b + -5?
-5a558553
In base 16, what is -a82 - -461?
-621
In base 3, what is 202212012 + -1010111?
201201201
In base 7, what is -31052 + 414?
-30335
In base 13, what is 4 - 190590?
-190589
In base 10, what is -183772391 - -5?
-183772386
In base 7, what is -406642 - 234?
-410206
In base 5, what is 10 + 12203413?
12203423
In base 7, what is -103436 - 12620?
-116356
In base 7, what is -12 - 42103500?
-42103512
In base 4, what is 320320010 + 130?
320320200
In base 14, what is a8 - 4a28?
-4960
In base 6, what is -2124 - 31432342?
-31434510
In base 12, what is -45 - -192498?
192453
In base 11, what is -5 + -35a2986a?
-35a29874
In base 9, what is 1 - 3108321?
-3108320
In base 11, what is 39273a - 1?
392739
In base 2, what is 1001110001 + -10001000111000?
-1111111000111
In base 10, what is 1210219 + 15?
1210234
In base 8, what is 3 - 22431361?
-22431356
In base 13, what is -bc - 12c8b?
-1307a
In base 10, what is 69 - -304617?
304686
In base 5, what is -43101 + 22010?
-21041
In base 9, what is -114242584 + 1?
-114242583
In base 9, what is 23158581 + 4?
23158585
In base 2, what is -101000001111110 - 110111010101?
-101111001010011
In base 16, what is -637fb2 + -8?
-637fba
In base 12, what is a77a3 + 769?
a8350
In base 5, what is -2401432322 - -10?
-2401432312
In base 7, what is 2512331 + 2656?
2515320
In base 15, what is -be2c1c + -5?
-be2c22
In base 16, what is -11234 + 56?
-111de
In base 16, what is -4b30a50 - -2?
-4b30a4e
In base 4, what is -121 + 22012132131?
22012132010
In base 2, what is -110011001010001101 - 110110?
-110011001011000011
In base 6, what is 1052322304 - -5?
1052322313
In base 8, what is -234131134 + 3?
-234131131
In base 6, what is 14334 - 2353524?
-2335150
In base 16, what is -fce764 - 3?
-fce767
In base 10, what is -54796 - 65?
-54861
In base 3, what is 121122111002000011 + 10?
121122111002000021
In base 7, what is 4 + 2156366341?
2156366345
In base 3, what is -121101111120020 + -10?
-121101111120100
In base 3, what is 200002 - -21102111?
22002120
In base 5, what is 4 + -2331101040?
-2331101031
In base 5, what is -31 + -423123123?
-4